y 81.
67
Calculate the remainder when 2508 is divided by 285.
228
Calculate the remainder when 281057 is divided by 335.
327
What is the remainder when 11874 is divided by 399?
303
Calculate the remainder when 16573 is divided by 338.
11
What is the remainder when 10780 is divided by 81?
7
What is the remainder when 2971 is divided by 1980?
991
What is the remainder when 2676 is divided by 476?
296
Calculate the remainder when 14095 is divided by 188.
183
Calculate the remainder when 68575 is divided by 131.
62
What is the remainder when 42945 is divided by 12?
9
What is the remainder when 457299 is divided by 398?
395
What is the remainder when 1300 is divided by 63?
40
What is the remainder when 15312 is divided by 248?
184
What is the remainder when 3051 is divided by 43?
41
Calculate the remainder when 12090 is divided by 432.
426
What is the remainder when 20364 is divided by 1201?
1148
What is the remainder when 1192 is divided by 132?
4
What is the remainder when 2229 is divided by 442?
19
What is the remainder when 2621 is divided by 439?
426
What is the remainder when 3115 is divided by 1371?
373
What is the remainder when 2149 is divided by 1041?
67
Calculate the remainder when 67718 is divided by 241.
238
What is the remainder when 576118 is divided by 487?
484
What is the remainder when 1237495 is divided by 50?
45
Calculate the remainder when 277 is divided by 265.
12
Calculate the remainder when 1742 is divided by 512.
206
What is the remainder when 9994 is divided by 74?
4
Calculate the remainder when 60123 is divided by 66.
63
What is the remainder when 31791 is divided by 2105?
216
What is the remainder when 22123 is divided by 207?
181
What is the remainder when 167982 is divided by 241?
5
What is the remainder when 3284342 is divided by 1066?
1062
Calculate the remainder when 686 is divided by 434.
252
Calculate the remainder when 863 is divided by 247.
122
What is the remainder when 145836 is divided by 173?
170
Calculate the remainder when 30127 is divided by 887.
856
What is the remainder when 13039 is divided by 13029?
10
Calculate the remainder when 207224 is divided by 23015.
89
What is the remainder when 71122 is divided by 11852?
10
What is the remainder when 46371 is divided by 192?
99
Calculate the remainder when 134796 is divided by 2868.
0
What is the remainder when 3276 is divided by 3249?
27
Calculate the remainder when 1046 is divided by 148.
10
What is the remainder when 240054 is divided by 154?
122
Calculate the remainder when 166619 is divided by 130.
89
What is the remainder when 2715 is divided by 656?
91
Calculate the remainder when 1490 is divided by 158.
68
Calculate the remainder when 172 is divided by 103.
69
What is the remainder when 3664 is divided by 3621?
43
What is the remainder when 4885 is divided by 203?
13
Calculate the remainder when 57724 is divided by 57689.
35
What is the remainder when 9581 is divided by 2?
1
Calculate the remainder when 22433 is divided by 580.
393
Calculate the remainder when 12975 is divided by 12715.
260
What is the remainder when 162166 is divided by 989?
959
What is the remainder when 85782 is divided by 95?
92
Calculate the remainder when 79933 is divided by 4440.
13
Calculate the remainder when 34571 is divided by 679.
621
What is the remainder when 84472 is divided by 55?
47
What is the remainder when 15562 is divided by 1903?
338
Calculate the remainder when 139186 is divided by 181.
178
Calculate the remainder when 4416 is divided by 1252.
660
What is the remainder when 5260 is divided by 142?
6
Calculate the remainder when 1888 is divided by 1795.
93
What is the remainder when 466213 is divided by 808?
805
Calculate the remainder when 55514 is divided by 437.
15
Calculate the remainder when 4849 is divided by 290.
209
Calculate the remainder when 1816 is divided by 60.
16
Calculate the remainder when 14385 is divided by 4713.
246
Calculate the remainder when 929287 is divided by 5.
2
Calculate the remainder when 82086 is divided by 14.
4
What is the remainder when 6709 is divided by 291?
16
Calculate the remainder when 269718 is divided by 613.
611
What is the remainder when 81130 is divided by 927?
481
Calculate the remainder when 1652 is divided by 14.
0
What is the remainder when 200839 is divided by 10?
9
Calculate the remainder when 5125 is divided by 1685.
70
What is the remainder when 232720 is divided by 13689?
7
Calculate the remainder when 119127 is divided by 20.
7
What is the remainder when 9912 is divided by 1962?
102
What is the remainder when 10791 is divided by 211?
30
Calculate the remainder when 292062 is divided by 1749.
1728
Calculate the remainder when 118261 is divided by 499.
497
Calculate the remainder when 261579 is divided by 220.
219
Calculate the remainder when 2566 is divided by 2523.
43
Calculate the remainder when 17781 is divided by 100.
81
Calculate the remainder when 13177 is divided by 1462.
19
Calculate the remainder when 11305 is divided by 2466.
1441
Calculate the remainder when 46744 is divided by 375.
244
What is the remainder when 22164 is divided by 13?
12
Calculate the remainder when 2700 is divided by 246.
240
Calculate the remainder when 829983 is divided by 165994.
13
Calculate the remainder when 5780 is divided by 5506.
274
What is the remainder when 61753 is divided by 154?
153
What is the remainder when 6441 is divided by 640?
41
What is the remainder when 20455 is divided by 106?
103
What is the remainder when 716 is divided by 664?
52
What is the remainder when 37506 is divided by 962?
950
What is the remainder when 11491 is divided by 1140?
91
Calculate the remainder when 15096 is divided by 37.
0
What is the remainder when 3208 is divided by 523?
70
Calculate the remainder when 1973831 is divided by 19.
16
What is the remainder when 448253 is divided by 136?
133
What is the remainder when 5203 is divided by 5197?
6
What is the remainder when 69876 is divided by 17448?
84
Calculate the remainder when 43722 is divided by 240.
42
Calculate the remainder when 1037 is divided by 122.
61
Calculate the remainder when 25377 is divided by 470.
467
Calculate the remainder when 784 is divided by 146.
54
Calculate the remainder when 22332 is divided by 7439.
15
What is the remainder when 414 is divided by 54?
36
Calculate the remainder when 73863 is divided by 55.
53
What is the remainder when 2707 is divided by 9?
7
What is the remainder when 4871 is divided by 75?
71
Calculate the remainder when 562 is divided by 126.
58
Calculate the remainder when 50500 is divided by 856.
852
Calculate the remainder when 691 is divided by 98.
5
What is the remainder when 81908 is divided by 40933?
42
What is the remainder when 4331575 is divided by 1043?
1039
Calculate the remainder when 1865 is divided by 169.
6
Calculate the remainder when 24990 is divided by 8.
6
What is the remainder when 84413 is divided by 5274?
29
Calculate the remainder when 104655 is divided by 99.
12
Calculate the remainder when 240513 is divided by 285.
258
What is the remainder when 21768 is divided by 946?
10
What is the remainder when 7916 is divided by 203?
202
What is the remainder when 10614 is divided by 1582?
1122
What is the remainder when 308885 is divided by 154416?
53
What is the remainder when 2262 is divided by 162?
156
What is the remainder when 13643 is divided by 12735?
908
Calculate the remainder when 922 is divided by 230.
2
Calculate the remainder when 15308 is divided by 319.
315
What is the remainder when 18632 is divided by 39?
29
What is the remainder when 6568 is divided by 1123?
953
Calculate the remainder when 29982 is divided by 3746.
14
What is the remainder when 30138 is divided by 229?
139
Calculate the remainder when 16965 is divided by 3391.
10
Calculate the remainder when 1172 is divided by 365.
77
Calculate the remainder when 48955 is divided by 79.
54
What is the remainder when 8516 is divided by 1714?
1660
Calculate the remainder when 23696 is divided by 659.
631
Calculate the remainder when 2707 is divided by 846.
169
Calculate the remainder when 52128 is divided by 1001.
76
Calculate the remainder when 26606 is divided by 4431.
20
Calculate the remainder when 1388 is divided by 104.
36
Calculate the remainde